o base 11
246
What is 5 (base 12) in base 9?
5
-47 (base 10) to base 3
-1202
-76 (base 8) to base 11
-57
What is -2 (base 13) in base 11?
-2
-73 (base 9) to base 14
-4a
Convert 32 (base 15) to base 2.
101111
94 (base 14) to base 15
8a
-a (base 15) to base 8
-12
-1011011 (base 2) to base 14
-67
10 (base 9) to base 16
9
What is -10100 (base 2) in base 9?
-22
Convert 6 (base 13) to base 6.
10
-201 (base 3) to base 10
-19
What is 8 (base 16) in base 15?
8
What is 1000100 (base 2) in base 8?
104
-9 (base 11) to base 16
-9
49 (base 12) to base 4
321
Convert e (base 16) to base 15.
e
Convert 114 (base 5) to base 16.
22
-33 (base 15) to base 4
-300
Convert 11221 (base 4) to base 5.
2421
What is 1222 (base 3) in base 12?
45
29 (base 13) to base 14
27
31 (base 4) to base 12
11
What is -b (base 15) in base 5?
-21
What is 3 (base 7) in base 11?
3
Convert -45 (base 11) to base 13.
-3a
Convert 1 (base 13) to base 5.
1
Convert -1001000 (base 2) to base 15.
-4c
What is 1 (base 15) in base 8?
1
What is -16 (base 8) in base 7?
-20
Convert 311 (base 6) to base 7.
223
16 (base 8) to base 16
e
Convert -28 (base 14) to base 9.
-40
What is 5 (base 7) in base 13?
5
What is 442 (base 5) in base 11?
101
What is 10000 (base 3) in base 10?
81
Convert 3 (base 11) to base 14.
3
Convert 8 (base 10) to base 4.
20
-38 (base 9) to base 13
-29
What is -23 (base 6) in base 7?
-21
Convert -200 (base 3) to base 5.
-33
What is 86 (base 9) in base 12?
66
-3 (base 4) to base 7
-3
Convert 1 (base 14) to base 6.
1
What is 1 (base 3) in base 9?
1
Convert 243 (base 7) to base 5.
1004
What is 0 (base 6) in base 3?
0
9 (base 15) to base 5
14
Convert 3 (base 7) to base 14.
3
What is -1110100 (base 2) in base 16?
-74
What is -28 (base 10) in base 6?
-44
Convert -4 (base 8) to base 6.
-4
What is -4 (base 9) in base 13?
-4
11001100 (base 2) to base 8
314
What is 73 (base 9) in base 16?
42
Convert -a (base 12) to base 5.
-20
5 (base 14) to base 12
5
Convert 78 (base 10) to base 3.
2220
What is -4 (base 10) in base 7?
-4
-2 (base 9) to base 8
-2
What is -4 (base 11) in base 9?
-4
Convert 3 (base 12) to base 9.
3
Convert -60 (base 9) to base 11.
-4a
-59 (base 11) to base 12
-54
Convert 12 (base 8) to base 16.
a
39 (base 12) to base 13
36
Convert -4 (base 16) to base 13.
-4
-e (base 15) to base 2
-1110
Convert 250 (base 10) to base 4.
3322
0 (base 15) to base 16
0
Convert -23 (base 8) to base 5.
-34
What is 6 (base 15) in base 8?
6
-1 (base 4) to base 15
-1
What is -1101 (base 3) in base 6?
-101
Convert -10 (base 12) to base 4.
-30
-3 (base 5) to base 3
-10
What is -122 (base 13) in base 3?
-21022
What is -5 (base 9) in base 11?
-5
14 (base 6) to base 16
a
What is 102 (base 9) in base 5?
313
Convert -12b (base 12) to base 16.
-b3
Convert 5c (base 15) to base 9.
106
Convert 2 (base 16) to base 10.
2
Convert -101212 (base 3) to base 2.
-100100101
What is -24 (base 7) in base 11?
-17
Convert 101 (base 8) to base 2.
1000001
-10200 (base 3) to base 6
-243
Convert -2 (base 8) to base 4.
-2
20 (base 6) to base 14
c
Convert -9 (base 10) to base 12.
-9
What is a (base 16) in base 5?
20
Convert -4 (base 14) to base 8.
-4
-8 (base 14) to base 11
-8
Convert -4 (base 15) to base 4.
-10
What is 1141 (base 5) in base 10?
171
7 (base 10) to base 12
7
What is 87 (base 9) in base 15?
54
What is -145 (base 12) in base 8?
-305
322 (base 6) to base 11
101
What is 12 (base 3) in base 11?
5
Convert -4 (base 8) to base 11.
-4
What is 27 (base 13) in base 7?
45
Convert -12 (base 3) to base 9.
-5
What is -28 (base 10) in base 6?
-44
Convert -121 (base 11) to base 9.
-170
What is 4 (base 6) in base 7?
4
2 (base 5) to base 4
2
2b (base 16) to base 3
1121
Convert 0 (base 16) to base 2.
0
2 (base 13) to base 10
2
14 (base 10) to base 8
16
What is -13 (base 9) in base 3?
-110
2 (base 11) to base 3
2
What is 2 (base 12) in base 5?
2
Convert -3 (base 6) to base 7.
-3
34 (base 6) to base 15
17
Convert 1 (base 9) to base 10.
1
Convert 65 (base 11) to base 14.
51
Convert -41 (base 16) to base 6.
-145
Convert 101 (base 5) to base 11.
24
Convert 5 (base 13) to base 2.
101
Convert 62 (base 15) to base 4.
1130
What is 1001 (base 4) in base 9?
72
Convert 0 (base 2) to base 11.
0
What is -1 (base 16) in base 12?
-1
Convert 84 (base 10) to base 9.
103
What is -4 (base 6) in base 2?
-100
Convert 11101 (base 2) to base 13.
23
What is -1 (base 9) in base 2?
-1
-2 (base 14) to base 12
-2
Convert 127 (base 11) to base 5.
1100
What is -23 (base 4) in base 3?
-102
What is -10 (base 3) in base 8?
-3
200 (base 3) to base 12
16
-11 (base 4) to base 15
-5
Convert 1111 (base 3) to base 9.
44
3 (base 10) to base 11
3
What is 220 (base 5) in base 6?
140
What is -145 (base 12) in base 8?
-305
Convert 0 (base 2) to base 3.
0
What is -22 (base 10) in base 4?
-112
1b (base 15) to base 8
32
Convert -40 (base 13) to base 11.
-48
Convert -453 (base 6) to base 12.
-129
3 (base 12) to base 6
3
Convert -17 (base 10) to base 11.
-16
Convert 100 (base 3) to base 13.
9
What is -15 (base 6) in base 15?
-b
Convert 11 (base 9) to base 12.
a
Convert b (base 16) to base 9.
12
What is -37 (base 16) in base 7?
-106
-113 (base 10) to base 15
-78
-a (base 15) to base 2
-1010
11 (base 2) to base 13
3
What is -1030 (base 4) in base 6?
-204
0 (base 6) to base 5
0
Convert -20 (base 14) to base 5.
-103
Convert -10010111 (base 2) to base 8.
-227
-101 (base 3) to base 5
-20
What is -4 (base 6) in base 5?
-4
What is 4 (base 13) in base 7?
4
What is 4 (base 6) in base 4?
10
Convert 2 (base 12) to base 11.
2
What is 96 (base 15) in base 12?
b9
Convert c (base 15) to base 3.
110
19 (base 13) to base 7
31
What is -1 (base 10) in base 4?
-1
-232 (base 7) to base 13
-94
What is 10 (base 15) in base 13?
12
-61 (base 8) to base 7
-100
Convert 70 (base 14) to base 4.
1202
0 (base 9) to base 3
0
Convert 16 (base 15) to base 6.
33
-7 (base 10) to base 5
-12
Convert -5 (base 9) to base 10.
-5
What is 2 (base 15) in base 12?
2
55 (base 15) to base 16
50
10 (base 13) to base 15
d
Convert 9 (base 13) to base 16.
9
Convert 58 (base 16) to base 6.
224
What is 326 (base 7) in base 10?
167
-3 (base 11) to base 4
-3
Convert 100111 (base 2) to base 3.
1110
What is -42 (base 7) in base 8?
-36
What is 43 (base 13) in base 4?
313
-100211 (base 3) to base 14
-14d
-1011 (base 2) to base 9
-12
Convert 0 (base 6) to base 12.
0
What is 101 (base 3) in base 12?
a
7 (base 9) to base 14
7
What is d (base 15) in base 16?
d
What is -30 (base 9) in base 6?
-43
Convert 5 (base 9) to base 13.
5
Convert 29 (base 12) to base 11.
30
b4 (base 14) to base 2
10011110
What is -1c (base 14) in base 15?
-1b
What is -a (base 15) in base 13?
-a
-fc (base 16) to base 5
-2002
What is -3 (base 13) in base 3?
-10
Convert -13 (base 9) to base 12.
-10
Convert 0 (base 9) to base 14.
0
554 (base 7) to base 11
239
Convert -9 (base 14) to base 8.
-11
What is -1110 (base 2) in base 15?
-e
Convert 124 (base 5) to base 8.
47
Convert -11 (base 14) to base 4.
-33
Convert -348 (base 9) to base 10.
-287
What is 10 (base 3) in base 6?
3
What is a (base 14) in base 9?
11
Convert -14 (base 13) to base 10.
-17
Convert -6 (base 16) to base 2.
-110
Convert 10 (base 2) to base 9.
2
What is 4d (base 14) in base 6?
153
What is 311 (base 8) in base 6?
533
Convert -55 (base 7) to base 2.
-101000
63 (base 9) to base 2
111001
100000 (base 2) to base 14
24
What is 4 (base 15) in base 8?
4
-211 (base 9) to base 13
-103
Convert -20 (base 4) to base 15.
-8
What is -85 (base 10) in base 4?
-1111
What is -2 (base 11) in base 13?
-2
Convert 11101 (base 2) to base 11.
27
Convert 1a5 (base 15) to base 12.
278
-21 (base 5) to base 10
-11
-113 (base 5) to base 14
-25
What is 10 (base 2) in base 7?
2
What is -8 (base 9) in base 12?
-8
What is -2 (base 8) in base 11?
-2
Convert 1110 (base 2) to base 12.
12
Convert 43 (base 5) to base 14.
19
Convert -1110111 (base 2) to base 6.
-315
Convert 2 (base 13) to base 10.
2
What is 14 (base 13) in base 4?
101
What is -22 (base 5) in base 16?
-c
What is 1 (base 7) in base 4?
1
Convert -241 (base 8) to base 4.
-2201
Convert 2 (base 14) to base 8.
2
3a (base 12) to base 6
114
Convert -305 (base 6) to base 11.
-a3
What is 6 (base 10) in base 9?
6
What is 541 (base 6) in base 3?
21121
What is 0 (base 10) in base 9?
0
-3 (base 12) 